b(6)?
51
Suppose -14 = -3*p + 7*s - 3*s, -p - 3*s - 4 = 0. Suppose 3*u = -p + 8. Calculate the remainder when 38/6 + 17/(-51) is divided by u.
0
Let c = 4 + 13. Suppose 5*y = -2*k + y + 10, 4*y = 3*k - 25. What is the remainder when (94/8)/(k/28) is divided by c?
13
What is the remainder when 27*1*((-35)/5 + 9) is divided by 1/(2/76)*9/18?
16
Let b be ((-5)/10)/((-2)/92). Suppose -b*s + 18*s = -185. Calculate the remainder when s is divided by 19.
18
Suppose -166 + 715 = -3*f. Let m = -118 - f. Calculate the remainder when m is divided by 22.
21
Suppose 2*r - 21 = 122*h - 125*h, 3*r + 5*h - 31 = 0. What is the remainder when 155 is divided by r?
11
Suppose -2*q + 220 = 5*w, 0*w - 188 = -2*q + 3*w. Let s = -68 + q. What is the remainder when s is divided by 7?
4
Let m = 50 + -29. Suppose -10 = a + m. Let z = -13 - a. What is the remainder when 53 is divided by z?
17
Let r(k) = -5*k**3 + 5*k + 3 - 7*k**2 + 4*k**3 + 2*k. Let s be 3*(-7)/((-126)/(-48)). What is the remainder when 21 is divided by r(s)?
10
Let q be 2/(0 - 1/8). Suppose -2*p = 3*j + 14, -3*j - p = -j + 9. Let r = j - q. Calculate the remainder when r is divided by 3.
0
Let s = 289 + -262. Let n be 5*((-7)/5 + -1). Let d = n - -27. What is the remainder when s is divided by d?
12
Suppose 14*o - 79 = 229. What is the remainder when 55 is divided by o?
11
Suppose 4*a - 104 = -4*z, 0 = -5*a + z + 149 - 25. Calculate the remainder when a is divided by 15.
10
Let q(v) = 5*v. Let j be q(-5). Let u = j - -10. Let g = u - -30. Calculate the remainder when g is divided by 6.
3
Let m(h) = h**3 - 14*h**2 + 15*h - 18. Let g be 32/(-8) + 16 + 1. Calculate the remainder when 133 is divided by m(g).
5
What is the remainder when 74 is divided by (1 - 12)/(-11 + 10)?
8
Suppose -5*m + 111 = 4*a - 28, 0 = -m + 3*a + 43. Calculate the remainder when 104 is divided by m.
11
Let j = 17 - 1. Calculate the remainder when j is divided by 5*(4 - -1 - 4).
1
Suppose 2 + 145 = 3*y. Suppose -3*n - y = -2*u, u + 2*n = -4*u + 113. Calculate the remainder when 67 is divided by u.
21
Let j be 1/((-4575)/1145 - -4). Suppose -4*u - 13 = -j. What is the remainder when u is divided by 5?
4
Suppose -2*m - 558 + 604 = 0. Suppose -6*v - 107 = -7*v. What is the remainder when v is divided by m?
15
What is the remainder when 74*((-39)/(-6) + (1 - -2)) is divided by 22?
21
Let i = 18 - 2. What is the remainder when i is divided by 5?
1
Suppose 9*k + 48 - 354 = 0. Calculate the remainder when k is divided by (-2)/1 - 2*-7.
10
Let d = -207 + 542. What is the remainder when d is divided by 16?
15
Let n = -14 - -14. Suppose 3*h - 5*j - 48 = 0, -h + 2*j = -n*h - 16. Suppose 0 = 2*z - 0*z - h. What is the remainder when z is divided by 5?
3
Suppose -68 = -2*x + 2*u, -5*u = -3*x + 55 + 39. Suppose 62*g + 90 = 68*g. Calculate the remainder when x is divided by g.
8
Let z(y) = 2*y - 23. Let t be z(17). Suppose -k + t = -27. Calculate the remainder when k is divided by 13.
12
Let a(j) = -j**3 - 6*j**2 + 95*j - 24. What is the remainder when 61 is divided by a(7)?
1
Let n = -41 + 20. Let g = n + 25. Suppose -g*i + 230 = 3*q, 231 = 5*q - 4*i - 131. What is the remainder when q is divided by 25?
24
Let k(n) be the second derivative of -n**3/6 - 13*n**2/2 + 5*n. Let j be k(-14). Calculate the remainder when j*(1 + 36 + -2) is divided by 19.
16
Let g(u) = -3*u + 20. Let s be g(5). Suppose -s*p + 31 = 1. Calculate the remainder when 28 is divided by p.
4
Let o(x) = x**2 + 12*x + 37. Suppose -3*j = -j. Suppose 5*q = -2*h + 10, 4*q - 8 + j = -h. What is the remainder when o(-7) is divided by q?
0
Let x = -141 - -254. Calculate the remainder when x is divided by 58.
55
Suppose 4*p - 457 = -3*r, -3*p = -0*r - 3*r - 369. Suppose 0*z + 5*u = z - 73, 2*z + 4*u = p. Calculate the remainder when z is divided by 17.
12
Let w(h) = -h - 2. Let s be w(-5). Suppose 0 = s*n - 9 - 6. Let z = 99 - 94. What is the remainder when z is divided by n?
0
What is the remainder when (2/4)/(61/20984) is divided by 87?
85
Let a = -1206 - -1806. What is the remainder when a is divided by 16?
8
Suppose 6 = -2*u + 4*u. Suppose -t + 112 = u*t. What is the remainder when 82 is divided by t?
26
Let w(u) = -37*u**2 + u - 2. Let c be w(1). Let m = c - -59. Calculate the remainder when 98 is divided by m.
14
Suppose -2*c + 3*w = -361, 0 = -c - 2*c - 5*w + 570. What is the remainder when c is divided by 35?
10
Let n(w) = -w**3 - 3*w**2 - 41. Calculate the remainder when n(-8) is divided by 47.
44
Suppose 2*t - 2*y = 28, -5*t + 2*y = 3*y - 52. Suppose 25*b - 2170 = t*b. Calculate the remainder when b is divided by 52.
51
What is the remainder when (2/(-8) - 7095/(-60)) + 3 is divided by 49?
23
Let a(v) = v**2 + 8*v + 1. Let x(c) = c**2 + 13*c + 13. Let d(k) = -11*k. Let r be d(1). Let l be x(r). What is the remainder when 27 is divided by a(l)?
7
Let q = -18 - -32. Suppose 4*d + 203 + 353 = 0. Let k = -98 - d. Calculate the remainder when k is divided by q.
13
Suppose 36*t = 31*t - 130. Let z = 1 - t. What is the remainder when 78 is divided by z?
24
Let m(h) = -2*h**2 - 16*h - 4. Let z be m(-6). Suppose f + 3*f - z = 0. Calculate the remainder when 21 is divided by f.
1
Let t(y) = 7*y - 67. Suppose 0 = -5*z + 4*v + 44, 6*z - v - 41 = z. What is the remainder when t(15) is divided by z?
6
Calculate the remainder when 112 is divided by (6/(-9))/((-40)/180).
1
Let k = 175 - 17. Suppose -k - 55 = -3*p. What is the remainder when p is divided by 18?
17
Suppose 3*q = -2*b + 4*b - 83, 4*b + 5*q - 221 = 0. Let o(f) = -4*f + 11. Let m be o(6). Let t = 13 - m. What is the remainder when b is divided by t?
23
Let l(g) = -g**3 - 15*g**2 - 15*g - 9. Let k be l(-14). Suppose -2*h + 59 + 20 = 3*f, 0 = 2*f + k*h - 60. What is the remainder when f is divided by 9?
7
Let q(b) = 10*b. Let k = 270 + -171. Let v = k + -71. What is the remainder when v is divided by q(1)?
8
Let d(f) = f**2 - 2*f + 4. What is the remainder when 116 is divided by d(-5)?
38
Suppose -87 = -3*r + n, r - 9*n - 29 = -8*n. What is the remainder when 112 is divided by r?
25
Let z = 929 + -267. What is the remainder when z is divided by 135?
122
Suppose 2*q - 3*s - 47 = -3*q, 51 = 5*q - 4*s. Let m = 26 - q. What is the remainder when m is divided by -2 + 9 + (0 - 1)?
1
Let w = 78 + -190. Let n = w + 128. Calculate the remainder when n is divided by 7.
2
Let s be 2/(-4)*-52 + -1. Suppose 2*y + 23 - s = 4*a, -13 = -y - 2*a. What is the remainder when (-54)/(-4)*8/6 is divided by y?
4
Suppose 0 = r - y - 2, -15*r + 10*r - 5*y + 20 = 0. Calculate the remainder when (-1)/(-1)*-1 - -7 is divided by r.
0
Let m(i) = 134*i**3 + i - 2. Let g be m(1). Let a = -92 + g. What is the remainder when a is divided by 11?
8
Let f(m) = 20*m**2 + m - 1. Suppose -d - 6 = d - 2*x, 0 = 5*d - x - 1. What is the remainder when f(d) is divided by 2 - (-3 + (-3)/(-3) + -3)?
6
Suppose -i = -0*i - 48. Suppose 2*t + 16 = o + 3*t, -i = -3*o - 4*t. Calculate the remainder when 74 is divided by o.
10
Suppose 3*w + 10 = 8*w. Let a be (-726)/(-45) - w/15. Let m = a - 4. Calculate the remainder when 23 is divided by m.
11
Let z = 1070 + -401. What is the remainder when z is divided by 168?
165
Let z be 33/(-2)*(-8)/(-3) - -3. Let k = -27 - z. What is the remainder when 52 is divided by k?
10
Let u be 6*(2 - (-5)/(-2))/(-1). Suppose 2*r = 5*n + 6, -r + 5*n = u*r - 32. Calculate the remainder when 50 is divided by r.
11
Let o = -128 - -144. Calculate the remainder when 63 is divided by o.
15
Suppose 15 + 53 = 4*r. Suppose -r*p - 28 = -19*p. Calculate the remainder when p is divided by 4.
2
Let y = -337 + 414. Calculate the remainder when y is divided by 13.
12
Suppose 7*d - 377 = 1541. What is the remainder when d is divided by 25?
24
Let b = -75 + 89. Calculate the remainder when 20 is divided by b.
6
Let s(v) = 53*v + 12. What is the remainder when s(7) is divided by 96?
95
Suppose 10*u - 40 - 50 = 0. What is the remainder when 50 is divided by u?
5
Let n = 3 + 9. Suppose n = -4*r + 5*i, -5*r - 2*i + i = -14. Suppose 0 = 2*j - r*u - 7 - 3, 2*u = 3*j - 19. What is the remainder when 24 is divided by j?
6
Let i be ((-4476)/(-6))/(4/(-2)). Let y = -26 - i. What is the remainder when y is divided by 35?
32
Suppose 3*q = 107 - 74. Calculate the remainder when 23 